{"id":3818,"date":"2025-02-25T20:55:06","date_gmt":"2025-02-25T20:55:06","guid":{"rendered":"https:\/\/www.studiodentisticodimario.it\/?page_id=3818"},"modified":"2025-03-29T15:40:40","modified_gmt":"2025-03-29T15:40:40","slug":"news","status":"publish","type":"page","link":"https:\/\/www.studiodentisticodimario.it\/?page_id=3818","title":{"rendered":"news"},"content":{"rendered":"\t\t<div data-elementor-type=\"wp-page\" data-elementor-id=\"3818\" class=\"elementor elementor-3818\">\n\t\t\t\t\t\t<section class=\"elementor-section elementor-top-section elementor-element elementor-element-b900bda elementor-section-boxed elementor-section-height-default elementor-section-height-default\" data-id=\"b900bda\" data-element_type=\"section\">\n\t\t\t\t\t\t<div class=\"elementor-container elementor-column-gap-default\">\n\t\t\t\t\t<div class=\"elementor-column elementor-col-100 elementor-top-column elementor-element elementor-element-7565979\" data-id=\"7565979\" data-element_type=\"column\">\n\t\t\t<div class=\"elementor-widget-wrap elementor-element-populated\">\n\t\t\t\t\t\t<div class=\"elementor-element elementor-element-7e3e45d elementor-widget elementor-widget-heading\" data-id=\"7e3e45d\" data-element_type=\"widget\" data-widget_type=\"heading.default\">\n\t\t\t\t<div class=\"elementor-widget-container\">\n\t\t\t\t\t<h2 class=\"elementor-heading-title elementor-size-default\">Dai valore al tuo sorriso<\/h2>\t\t\t\t<\/div>\n\t\t\t\t<\/div>\n\t\t\t\t<div class=\"elementor-element elementor-element-657946b elementor-widget elementor-widget-image\" data-id=\"657946b\" data-element_type=\"widget\" data-widget_type=\"image.default\">\n\t\t\t\t<div class=\"elementor-widget-container\">\n\t\t\t\t\t\t\t\t\t\t\t\t\t\t\t<img fetchpriority=\"high\" decoding=\"async\" width=\"300\" height=\"209\" src=\"https:\/\/www.studiodentisticodimario.it\/wp-content\/uploads\/2025\/02\/mascherine-300x209.jpg\" class=\"attachment-medium size-medium wp-image-3822\" alt=\"\" srcset=\"https:\/\/www.studiodentisticodimario.it\/wp-content\/uploads\/2025\/02\/mascherine-300x209.jpg 300w, https:\/\/www.studiodentisticodimario.it\/wp-content\/uploads\/2025\/02\/mascherine.jpg 500w\" sizes=\"(max-width: 300px) 100vw, 300px\" \/>\t\t\t\t\t\t\t\t\t\t\t\t\t\t\t<\/div>\n\t\t\t\t<\/div>\n\t\t\t\t<div class=\"elementor-element elementor-element-2b6653e elementor-widget elementor-widget-text-editor\" data-id=\"2b6653e\" data-element_type=\"widget\" data-widget_type=\"text-editor.default\">\n\t\t\t\t<div class=\"elementor-widget-container\">\n\t\t\t\t\t\t\t\t\t<p>Oggi c\u2019\u00e8 un\u2019<strong>alternativa validissima<\/strong>\u00a0al tradizionale apparecchio per i denti con le piastrine che ha caratterizzato l\u2019infanzia e l\u2019adolescenza delle passate generazioni.<\/p><p>L\u2019<strong>allineatore trasparente<\/strong>, dunque\u00a0<strong>invisibile<\/strong>\u00a0quando indossato, facilissimo da usare, che pu\u00f2 risolvere tante problematiche ortodontiche, riportando nella tua bocca l\u2019armonia, e a te la voglia di sorridere.<\/p>\t\t\t\t\t\t\t\t<\/div>\n\t\t\t\t<\/div>\n\t\t\t\t<div class=\"elementor-element elementor-element-3c3c640 elementor-widget elementor-widget-image\" data-id=\"3c3c640\" data-element_type=\"widget\" data-widget_type=\"image.default\">\n\t\t\t\t<div class=\"elementor-widget-container\">\n\t\t\t\t\t\t\t\t\t\t\t\t\t\t\t<img decoding=\"async\" width=\"300\" height=\"84\" src=\"https:\/\/www.studiodentisticodimario.it\/wp-content\/uploads\/2025\/02\/invisalign1-300x84.jpg\" class=\"attachment-medium size-medium wp-image-3823\" alt=\"\" srcset=\"https:\/\/www.studiodentisticodimario.it\/wp-content\/uploads\/2025\/02\/invisalign1-300x84.jpg 300w, https:\/\/www.studiodentisticodimario.it\/wp-content\/uploads\/2025\/02\/invisalign1-600x168.jpg 600w, https:\/\/www.studiodentisticodimario.it\/wp-content\/uploads\/2025\/02\/invisalign1.jpg 683w\" sizes=\"(max-width: 300px) 100vw, 300px\" \/>\t\t\t\t\t\t\t\t\t\t\t\t\t\t\t<\/div>\n\t\t\t\t<\/div>\n\t\t\t\t<div class=\"elementor-element elementor-element-ce28103 elementor-widget elementor-widget-text-editor\" data-id=\"ce28103\" data-element_type=\"widget\" data-widget_type=\"text-editor.default\">\n\t\t\t\t<div class=\"elementor-widget-container\">\n\t\t\t\t\t\t\t\t\t<p>Inoltre, altro importante vantaggio, le mascherine consentono una\u00a0<strong>pi\u00f9 accurata igiene<\/strong>\u00a0dei denti durante il trattamento in quanto si possono rimuovere.<\/p>\t\t\t\t\t\t\t\t<\/div>\n\t\t\t\t<\/div>\n\t\t\t\t<div class=\"elementor-element elementor-element-3550136 elementor-align-center elementor-widget elementor-widget-button\" data-id=\"3550136\" data-element_type=\"widget\" data-widget_type=\"button.default\">\n\t\t\t\t<div class=\"elementor-widget-container\">\n\t\t\t\t\t\t\t\t\t<div class=\"elementor-button-wrapper\">\n\t\t\t\t\t<a class=\"elementor-button elementor-button-link elementor-size-sm\" href=\"https:\/\/www.studiodentisticodimario.it\/#appuntamento\">\n\t\t\t\t\t\t<span class=\"elementor-button-content-wrapper\">\n\t\t\t\t\t\t\t\t\t<span class=\"elementor-button-text\">PER SAPERNE DI PIU'<\/span>\n\t\t\t\t\t<\/span>\n\t\t\t\t\t<\/a>\n\t\t\t\t<\/div>\n\t\t\t\t\t\t\t\t<\/div>\n\t\t\t\t<\/div>\n\t\t\t\t<div class=\"elementor-element elementor-element-7220695 elementor-widget elementor-widget-text-editor\" data-id=\"7220695\" data-element_type=\"widget\" data-widget_type=\"text-editor.default\">\n\t\t\t\t<div class=\"elementor-widget-container\">\n\t\t\t\t\t\t\t\t\t<h3>Tecnologia pi\u00f9 avanzata e maggiore igiene e salute dei denti al servizio del tuo sorriso<\/h3><p>Poter utilizzare le\u00a0<strong>mascherine trasparenti<\/strong>\u00a0aggiunge un grande vantaggio terapeutico nell\u2019ortodonzia in quanto permette di visualizzare in anticipo, prima di iniziare il trattamento, gli spostamenti dentari\u00a0<strong>mediante un apposito software<\/strong>.<\/p><p>Gi\u00e0 dalla prima visita, infatti, tramite l\u2019utilizzo di uno\u00a0<strong>scanner digitale<\/strong>\u00a0e di una macchinetta fotografica, si possono prendere tutte quelle informazioni necessarie ad impostare uno studio del caso.\u00a0<\/p>\t\t\t\t\t\t\t\t<\/div>\n\t\t\t\t<\/div>\n\t\t\t\t<div class=\"elementor-element elementor-element-ed9f42f elementor-widget elementor-widget-image\" data-id=\"ed9f42f\" data-element_type=\"widget\" data-widget_type=\"image.default\">\n\t\t\t\t<div class=\"elementor-widget-container\">\n\t\t\t\t\t\t\t\t\t\t\t\t\t\t\t<img decoding=\"async\" width=\"300\" height=\"225\" src=\"https:\/\/www.studiodentisticodimario.it\/wp-content\/uploads\/2025\/02\/Scanner-Studio-Dentistico-Pandolfi-Aprilia-1-300x225.webp\" class=\"attachment-medium size-medium wp-image-3824\" alt=\"\" srcset=\"https:\/\/www.studiodentisticodimario.it\/wp-content\/uploads\/2025\/02\/Scanner-Studio-Dentistico-Pandolfi-Aprilia-1-300x225.webp 300w, https:\/\/www.studiodentisticodimario.it\/wp-content\/uploads\/2025\/02\/Scanner-Studio-Dentistico-Pandolfi-Aprilia-1-1024x768.webp 1024w, https:\/\/www.studiodentisticodimario.it\/wp-content\/uploads\/2025\/02\/Scanner-Studio-Dentistico-Pandolfi-Aprilia-1-768x576.webp 768w, https:\/\/www.studiodentisticodimario.it\/wp-content\/uploads\/2025\/02\/Scanner-Studio-Dentistico-Pandolfi-Aprilia-1-600x450.webp 600w, https:\/\/www.studiodentisticodimario.it\/wp-content\/uploads\/2025\/02\/Scanner-Studio-Dentistico-Pandolfi-Aprilia-1.webp 1200w\" sizes=\"(max-width: 300px) 100vw, 300px\" \/>\t\t\t\t\t\t\t\t\t\t\t\t\t\t\t<\/div>\n\t\t\t\t<\/div>\n\t\t\t\t<div class=\"elementor-element elementor-element-4f31ea7 elementor-widget elementor-widget-text-editor\" data-id=\"4f31ea7\" data-element_type=\"widget\" data-widget_type=\"text-editor.default\">\n\t\t\t\t<div class=\"elementor-widget-container\">\n\t\t\t\t\t\t\t\t\t<p>Il team di specialisti potr\u00e0, successivamente alla visita, pianificare virtualmente la cura pi\u00f9 adeguata,\u00a0<strong>simulare al computer tutti gli spostamenti dentali<\/strong>\u00a0da effettuare per risolvere le problematiche cliniche del paziente e pre-visualizzarle insieme a lui.<\/p><p>Questo permette di tenere basso il livello di placca e quindi di ridurre il rischio di insorgenza di eventuali gengiviti, parodontiti e carie sugli elementi dentari durante il trattamento.<\/p><p>In conclusione, purch\u00e9 ci siano le condizioni idonee e una salute orale controllata e mantenuta, oggi, dai pi\u00f9 giovani ai pi\u00f9 anziani,\u00a0<strong>tutti possono accedere a questo innovativo trattamento dentale<\/strong>\u00a0e godere veramente di un bel sorriso.<\/p>\t\t\t\t\t\t\t\t<\/div>\n\t\t\t\t<\/div>\n\t\t\t\t<div class=\"elementor-element elementor-element-a5f6882 elementor-align-center elementor-widget elementor-widget-button\" data-id=\"a5f6882\" data-element_type=\"widget\" data-widget_type=\"button.default\">\n\t\t\t\t<div class=\"elementor-widget-container\">\n\t\t\t\t\t\t\t\t\t<div class=\"elementor-button-wrapper\">\n\t\t\t\t\t<a class=\"elementor-button elementor-button-link elementor-size-sm\" href=\"https:\/\/www.studiodentisticodimario.it\/#appuntamento\">\n\t\t\t\t\t\t<span class=\"elementor-button-content-wrapper\">\n\t\t\t\t\t\t\t\t\t<span class=\"elementor-button-text\">CONTATTACI PER INFORMAZIONI<\/span>\n\t\t\t\t\t<\/span>\n\t\t\t\t\t<\/a>\n\t\t\t\t<\/div>\n\t\t\t\t\t\t\t\t<\/div>\n\t\t\t\t<\/div>\n\t\t\t\t\t<\/div>\n\t\t<\/div>\n\t\t\t\t\t<\/div>\n\t\t<\/section>\n\t\t\t\t<section class=\"elementor-section elementor-top-section elementor-element elementor-element-0dbcfed elementor-section-boxed elementor-section-height-default elementor-section-height-default\" data-id=\"0dbcfed\" data-element_type=\"section\">\n\t\t\t\t\t\t<div class=\"elementor-container elementor-column-gap-default\">\n\t\t\t\t\t<div class=\"elementor-column elementor-col-100 elementor-top-column elementor-element elementor-element-0589dc8\" data-id=\"0589dc8\" data-element_type=\"column\">\n\t\t\t<div class=\"elementor-widget-wrap elementor-element-populated\">\n\t\t\t\t\t\t<div class=\"elementor-element elementor-element-8b20ab5 elementor-widget-divider--view-line elementor-widget elementor-widget-divider\" data-id=\"8b20ab5\" data-element_type=\"widget\" data-widget_type=\"divider.default\">\n\t\t\t\t<div class=\"elementor-widget-container\">\n\t\t\t\t\t\t\t<div class=\"elementor-divider\">\n\t\t\t<span class=\"elementor-divider-separator\">\n\t\t\t\t\t\t<\/span>\n\t\t<\/div>\n\t\t\t\t\t\t<\/div>\n\t\t\t\t<\/div>\n\t\t\t\t<div class=\"elementor-element elementor-element-5c3ee92 elementor-widget elementor-widget-heading\" data-id=\"5c3ee92\" data-element_type=\"widget\" data-widget_type=\"heading.default\">\n\t\t\t\t<div class=\"elementor-widget-container\">\n\t\t\t\t\t<h2 class=\"elementor-heading-title elementor-size-default\">I NOSTRI PAZIENTI RACCONTANO<\/h2>\t\t\t\t<\/div>\n\t\t\t\t<\/div>\n\t\t\t\t<div class=\"elementor-element elementor-element-64a751b elementor-widget elementor-widget-text-editor\" data-id=\"64a751b\" data-element_type=\"widget\" data-widget_type=\"text-editor.default\">\n\t\t\t\t<div class=\"elementor-widget-container\">\n\t\t\t\t\t\t\t\t\t<p style=\"text-align: center;\">Con gli studi&nbsp;<strong>UHDent&nbsp;<\/strong>\u00e8 possibile regalarti il sorriso e la salute alla bocca che meriti.&nbsp;<\/p>\n<p style=\"text-align: center;\">Consulta le recensioni dei nostri pazienti che hanno finalmente risolto i loro disturbi.<\/p>\n<p style=\"text-align: center;\"><strong>Contattaci senza impegno<\/strong>&nbsp;e ti forniremo tutte le informazioni di cui necessiti.<\/p>\t\t\t\t\t\t\t\t<\/div>\n\t\t\t\t<\/div>\n\t\t\t\t<div class=\"elementor-element elementor-element-840dbbd elementor-align-center elementor-widget elementor-widget-button\" data-id=\"840dbbd\" data-element_type=\"widget\" data-widget_type=\"button.default\">\n\t\t\t\t<div class=\"elementor-widget-container\">\n\t\t\t\t\t\t\t\t\t<div class=\"elementor-button-wrapper\">\n\t\t\t\t\t<a class=\"elementor-button elementor-button-link elementor-size-sm\" href=\"https:\/\/www.studiodentisticodimario.com\/#near\">\n\t\t\t\t\t\t<span class=\"elementor-button-content-wrapper\">\n\t\t\t\t\t\t\t\t\t<span class=\"elementor-button-text\">I NOSTRI CASI CLINICI<\/span>\n\t\t\t\t\t<\/span>\n\t\t\t\t\t<\/a>\n\t\t\t\t<\/div>\n\t\t\t\t\t\t\t\t<\/div>\n\t\t\t\t<\/div>\n\t\t\t\t<div class=\"elementor-element elementor-element-f93a52b elementor-widget-divider--view-line elementor-widget elementor-widget-divider\" data-id=\"f93a52b\" data-element_type=\"widget\" data-widget_type=\"divider.default\">\n\t\t\t\t<div class=\"elementor-widget-container\">\n\t\t\t\t\t\t\t<div class=\"elementor-divider\">\n\t\t\t<span class=\"elementor-divider-separator\">\n\t\t\t\t\t\t<\/span>\n\t\t<\/div>\n\t\t\t\t\t\t<\/div>\n\t\t\t\t<\/div>\n\t\t\t\t\t<\/div>\n\t\t<\/div>\n\t\t\t\t\t<\/div>\n\t\t<\/section>\n\t\t\t\t<section class=\"elementor-section elementor-top-section elementor-element elementor-element-f671a82 elementor-section-boxed elementor-section-height-default elementor-section-height-default\" data-id=\"f671a82\" data-element_type=\"section\">\n\t\t\t\t\t\t<div class=\"elementor-container elementor-column-gap-default\">\n\t\t\t\t\t<div class=\"elementor-column elementor-col-100 elementor-top-column elementor-element elementor-element-d6617ac\" data-id=\"d6617ac\" data-element_type=\"column\">\n\t\t\t<div class=\"elementor-widget-wrap elementor-element-populated\">\n\t\t\t\t\t\t<div class=\"elementor-element elementor-element-50cb2b4 elementor-widget elementor-widget-spacer\" data-id=\"50cb2b4\" data-element_type=\"widget\" data-widget_type=\"spacer.default\">\n\t\t\t\t<div class=\"elementor-widget-container\">\n\t\t\t\t\t\t\t<div class=\"elementor-spacer\">\n\t\t\t<div class=\"elementor-spacer-inner\"><\/div>\n\t\t<\/div>\n\t\t\t\t\t\t<\/div>\n\t\t\t\t<\/div>\n\t\t\t\t<div class=\"elementor-element elementor-element-8e47051 elementor-align-center elementor-widget elementor-widget-button\" data-id=\"8e47051\" data-element_type=\"widget\" data-widget_type=\"button.default\">\n\t\t\t\t<div class=\"elementor-widget-container\">\n\t\t\t\t\t\t\t\t\t<div class=\"elementor-button-wrapper\">\n\t\t\t\t\t<a class=\"elementor-button elementor-button-link elementor-size-sm\" href=\"https:\/\/www.studiodentisticodimario.it\/\">\n\t\t\t\t\t\t<span class=\"elementor-button-content-wrapper\">\n\t\t\t\t\t\t\t\t\t<span class=\"elementor-button-text\">INDIETRO<\/span>\n\t\t\t\t\t<\/span>\n\t\t\t\t\t<\/a>\n\t\t\t\t<\/div>\n\t\t\t\t\t\t\t\t<\/div>\n\t\t\t\t<\/div>\n\t\t\t\t\t<\/div>\n\t\t<\/div>\n\t\t\t\t\t<\/div>\n\t\t<\/section>\n\t\t\t\t<\/div>\n\t\t","protected":false},"excerpt":{"rendered":"<p>Dai valore al tuo sorriso Oggi c\u2019\u00e8 un\u2019alternativa validissima\u00a0al tradizionale apparecchio per i denti con le piastrine che ha caratterizzato l\u2019infanzia e l\u2019adolescenza delle passate generazioni. L\u2019allineatore trasparente, dunque\u00a0invisibile\u00a0quando indossato, facilissimo da usare, che pu\u00f2 risolvere tante problematiche ortodontiche, riportando nella tua bocca l\u2019armonia, e a te la voglia di sorridere. Inoltre, altro importante vantaggio, [&hellip;]<\/p>\n","protected":false},"author":2,"featured_media":0,"parent":0,"menu_order":0,"comment_status":"closed","ping_status":"closed","template":"","meta":{"_monsterinsights_skip_tracking":false,"_monsterinsights_sitenote_active":false,"_monsterinsights_sitenote_note":"","_monsterinsights_sitenote_category":0,"site-sidebar-layout":"no-sidebar","site-content-layout":"page-builder","ast-site-content-layout":"full-width-container","site-content-style":"default","site-sidebar-style":"default","ast-global-header-display":"","ast-banner-title-visibility":"","ast-main-header-display":"","ast-hfb-above-header-display":"","ast-hfb-below-header-display":"","ast-hfb-mobile-header-display":"","site-post-title":"disabled","ast-breadcrumbs-content":"","ast-featured-img":"disabled","footer-sml-layout":"","theme-transparent-header-meta":"","adv-header-id-meta":"","stick-header-meta":"","header-above-stick-meta":"","header-main-stick-meta":"","header-below-stick-meta":"","astra-migrate-meta-layouts":"set","ast-page-background-enabled":"default","ast-page-background-meta":{"desktop":{"background-color":"","background-image":"","background-repeat":"repeat","background-position":"center center","background-size":"auto","background-attachment":"scroll","background-type":"","background-media":"","overlay-type":"","overlay-color":"","overlay-opacity":"","overlay-gradient":""},"tablet":{"background-color":"","background-image":"","background-repeat":"repeat","background-position":"center center","background-size":"auto","background-attachment":"scroll","background-type":"","background-media":"","overlay-type":"","overlay-color":"","overlay-opacity":"","overlay-gradient":""},"mobile":{"background-color":"","background-image":"","background-repeat":"repeat","background-position":"center center","background-size":"auto","background-attachment":"scroll","background-type":"","background-media":"","overlay-type":"","overlay-color":"","overlay-opacity":"","overlay-gradient":""}},"ast-content-background-meta":{"desktop":{"background-color":"var(--ast-global-color-5)","background-image":"","background-repeat":"repeat","background-position":"center center","background-size":"auto","background-attachment":"scroll","background-type":"","background-media":"","overlay-type":"","overlay-color":"","overlay-opacity":"","overlay-gradient":""},"tablet":{"background-color":"var(--ast-global-color-5)","background-image":"","background-repeat":"repeat","background-position":"center center","background-size":"auto","background-attachment":"scroll","background-type":"","background-media":"","overlay-type":"","overlay-color":"","overlay-opacity":"","overlay-gradient":""},"mobile":{"background-color":"var(--ast-global-color-5)","background-image":"","background-repeat":"repeat","background-position":"center center","background-size":"auto","background-attachment":"scroll","background-type":"","background-media":"","overlay-type":"","overlay-color":"","overlay-opacity":"","overlay-gradient":""}},"footnotes":""},"class_list":["post-3818","page","type-page","status-publish","hentry"],"_links":{"self":[{"href":"https:\/\/www.studiodentisticodimario.it\/index.php?rest_route=\/wp\/v2\/pages\/3818"}],"collection":[{"href":"https:\/\/www.studiodentisticodimario.it\/index.php?rest_route=\/wp\/v2\/pages"}],"about":[{"href":"https:\/\/www.studiodentisticodimario.it\/index.php?rest_route=\/wp\/v2\/types\/page"}],"author":[{"embeddable":true,"href":"https:\/\/www.studiodentisticodimario.it\/index.php?rest_route=\/wp\/v2\/users\/2"}],"replies":[{"embeddable":true,"href":"https:\/\/www.studiodentisticodimario.it\/index.php?rest_route=%2Fwp%2Fv2%2Fcomments&post=3818"}],"version-history":[{"count":91,"href":"https:\/\/www.studiodentisticodimario.it\/index.php?rest_route=\/wp\/v2\/pages\/3818\/revisions"}],"predecessor-version":[{"id":4034,"href":"https:\/\/www.studiodentisticodimario.it\/index.php?rest_route=\/wp\/v2\/pages\/3818\/revisions\/4034"}],"wp:attachment":[{"href":"https:\/\/www.studiodentisticodimario.it\/index.php?rest_route=%2Fwp%2Fv2%2Fmedia&parent=3818"}],"curies":[{"name":"wp","href":"https:\/\/api.w.org\/{rel}","templated":true}]}}